 digit of v?
7
Let c = -179 - -249. What is the units digit of c?
0
Let m = 21979 - 11880. What is the units digit of m?
9
Suppose 0 = -27*p + 26*p. Suppose p = -4*b - 2*o + 1146 + 3160, -b + 5*o + 1082 = 0. What is the hundreds digit of b?
0
What is the units digit of 100/30*(-3)/2*-1694?
0
Let h be ((-4376)/(-3))/4*3. Let n = h - 771. What is the hundreds digit of n?
3
Suppose -45*a - 318516 + 1206411 = 0. What is the thousands digit of a?
9
Let p = -1241 + 3597. Suppose 10*b = 14*b - p. What is the tens digit of b?
8
What is the hundreds digit of ((-2560)/25 - -6)*(-220)/8?
6
Suppose 474702 = -196*z + 106406 + 1988824. What is the thousands digit of z?
8
Let a(r) be the first derivative of r**2/2 + 23*r - 66. What is the units digit of a(-17)?
6
Suppose v + 6 = -0*b - 4*b, 0 = -3*v + 5*b + 33. Let d be ((-24)/9)/4*27/v. What is the tens digit of (-1)/d + 264/18?
1
Let o(c) = -10*c**3 - 2*c**2 + 2*c + 57. Let i be o(-8). Suppose -i = -2*l - 1267. What is the hundreds digit of l?
8
Suppose 3 + 3 = 3*h. Suppose -34*c = -99*c - 29*c + 658. Suppose c*x = h*x + 555. What is the units digit of x?
1
Let p be (-2)/(-2 - (-9)/6). Suppose 2 = -s + 2*l + 5, s - 3 = -p*l. Suppose s*r = r + 5*w + 195, -w = 4*r - 335. What is the units digit of r?
5
Let x = -7834 + 15491. What is the thousands digit of x?
7
Let d(n) = 12*n**2 - 425*n + 11. What is the thousands digit of d(-21)?
4
Suppose 8*o = -0*o + 168. Let z = o + -17. Suppose q - 4*l = 257, -z*q = -6*q + 5*l + 526. What is the units digit of q?
3
Let s = 21 - 19. Suppose s*f = -28 + 620. What is the units digit of f?
6
Let s(w) = w**2 + 3*w + 5. Let p be s(-3). Suppose 3*o + 2*t = 820, p*o - 1364 = -0*o - 4*t. What is the units digit of o?
6
Let n = -38 - -18. Let y be 2067/(-15) + (0 - (-4)/n). Let b = 308 + y. What is the units digit of b?
0
Let k = 21211 + -15695. What is the thousands digit of k?
5
Let b = -109 - -65. Let m be b/7 - (-2)/7. Let l(u) = -u**3 - 4*u**2 + 5*u - 9. What is the tens digit of l(m)?
3
Suppose -37 = -5*d - b, -20 = -2*d + b - 8. Suppose 9*z = d*z + 108. What is the tens digit of (-3)/(81/6) + 8112/z?
5
Suppose -c + 3*y = 0, 5*c + 5*y - 21 + 1 = 0. What is the tens digit of (-177)/(-1*1/(c/3))?
7
Let d = 15156 - 4632. What is the tens digit of d?
2
Suppose -2*u - 51023 + 6421 = -r, -178408 = -4*r + 3*u. What is the ten thousands digit of r?
4
Suppose -4*i + 3*j - 4*j = -20, -3*i + 32 = 5*j. Suppose -i*v = 4*z + 13 - 1369, 2*v - 687 = -5*z. What is the tens digit of v?
3
Let t = 1880 + 5366. What is the units digit of t?
6
Let d(h) = h + 16. Let j be d(-18). What is the hundreds digit of (2 + 43)*8 + (-4)/j?
3
What is the thousands digit of (13 - (29 - 12)) + 8793?
8
Suppose 320 = 7*b + 285. Suppose -b*w + 2944 = o + 1069, 0 = 2*o - 4*w - 3750. What is the thousands digit of o?
1
What is the hundreds digit of (-67)/(1340/360)*(2 - 1216)?
8
Let b = -93 - -96. Suppose 2*l - 1106 = 2*c, 2*l + 2*l - 2213 = b*c. What is the hundreds digit of l?
5
Let r(m) = 8*m + 1171. What is the units digit of r(37)?
7
Let o(y) = y**2 + 12*y + 26. Let v be o(-11). Suppose i = 4*m - 12, 5*m + 0*m - v = i. Suppose -z - 34 = -d, m*z + 0*z = -6. What is the units digit of d?
2
Suppose -3*b - 5*d + 6*d = 50, 0 = 5*d - 25. What is the thousands digit of ((-1187)/5)/(836/(-55) - b)?
1
What is the hundreds digit of 17850/(-510)*1047/(-1)?
6
Suppose -k + 400 = -5*g, 7*g = 12*g + k + 400. What is the hundreds digit of 232/((g/(-56))/5)?
8
Suppose -17423 + 93345 = 22*h. What is the hundreds digit of h?
4
Let x = -274 - -50. Let v = x + 975. What is the hundreds digit of v?
7
Suppose 2*g + 2*n + 443 - 15267 = 0, -3*n = 3. What is the tens digit of g?
1
Suppose 260 = 30*z + 20. What is the tens digit of 6096/z + -4 - -4?
6
Suppose h - 10574 = -k, -2*k - k + 4*h = -31764. What is the tens digit of k?
8
Let m = -224 + 1018. Let t = m + -13. What is the tens digit of t?
8
Let t = 7366 - 3680. What is the thousands digit of t?
3
Let u(y) = -11*y + 8. Let v be u(5). Let r = v - -55. Suppose -3*j - r = -293. What is the tens digit of j?
9
Let n(w) = w**3 - 15*w**2 + 18*w - 48. Suppose 55 = 5*f + 7*v - 4*v, 2*f = 5*v + 53. What is the units digit of n(f)?
8
Let f(r) = r**3 + r**2 - r + 1. Let d(t) = 4*t**3 - 4*t**2 - 13*t - 7. Let i(q) = -d(q) + 3*f(q). Let o be i(9). Let h = o - -123. What is the units digit of h?
1
Let a(l) = l**3 - 6*l**2 - 3*l + 8. Let u be a(6). Suppose 10*q - 45 = -3*n + 5*q, 3*n = 5*q + 15. What is the tens digit of (-174)/u + -2 - n/25?
1
Suppose 18*s - 2 = 20*s + y, 0 = -4*y + 16. What is the units digit of ((-2748)/8)/(s/6)?
7
Let x = 2334 + 7733. What is the ten thousands digit of x?
1
Suppose 9*s - 8*s - 4*h - 63 = 0, -5*s + 3*h = -264. What is the tens digit of (s/102)/((-2)/(-1292))?
2
Let p = 20734 + -16566. What is the hundreds digit of p?
1
Let f(u) = 27*u - 159. Let j(c) = -109*c + 636. Let m(k) = -9*f(k) - 2*j(k). What is the tens digit of m(-12)?
5
Suppose 2*y = 12*y - 220. Let n = -28 + y. What is the tens digit of (-8)/(16/(-6))*(-94)/n?
4
Let r = 20366 - 12800. What is the units digit of r?
6
Let l(y) = 59*y - 1184. Let r(i) = 30*i - 593. Let n(w) = -4*l(w) + 7*r(w). What is the hundreds digit of n(0)?
5
Suppose 0 = 7*d + 63 - 119. What is the hundreds digit of d + (-450)/55 - 11288/(-11)?
0
Suppose -22*g = 4*g - 25714. Suppose -2 = u, -3*a - u - g = -6*a. What is the units digit of a?
9
Let g = 187 + -99. Let b = 507 - g. What is the tens digit of b?
1
Suppose -18*f + 18234 = -19944. What is the hundreds digit of f?
1
Let k be -4 + -1 - (-12)/(-6). Let m(s) be the third derivative of -11*s**4/12 + 3*s**3 - 2*s**2. What is the units digit of m(k)?
2
Suppose 6*o + 603 = -3*o. Let j = 67 + o. Suppose 5*b + i - 66 = j, 4*i + 48 = -2*b + 6*b. What is the units digit of b?
3
Suppose 2*u = 2*s - 23398, 44825 = 5*s + 2*u - 13614. What is the units digit of s?
1
Suppose -3*i + a = -2*i + 2275, 2*i + 4532 = -4*a. What is the units digit of -3 + i/(-5) + 42/70?
2
Suppose -2*v = -7*v - 2*j - 3, 5*j - 1 = -4*v. Let i be 1 + v/((-4)/(-1020)). Let w = i + 432. What is the units digit of w?
8
Suppose -2*k = -9*k - 952. Let b = k + 484. Let d = -112 + b. What is the tens digit of d?
3
Let l = -44 + 47. What is the tens digit of l/(-5) - 32112/(-120)?
6
Let j(u) = 3905*u**3 - 3*u**2 - 3904*u**3 - u + 19*u**2 + 15*u - 32. What is the hundreds digit of j(-10)?
4
Suppose 7 = 4*y + 3, -3*k - 3*y + 8274 = 0. What is the thousands digit of k?
2
Let h = 20 + 6. What is the hundreds digit of 512/12*429/h?
7
What is the ten thousands digit of ((-52)/(-12)*-17)/((-10)/9510)?
7
Suppose -34 - 26 = -10*s. Let t(f) = 7*f + 19. Let i(r) = -6*r - 18. Let b(n) = -5*i(n) - 4*t(n). What is the units digit of b(s)?
6
Let h be (-2)/(-6) + (-776)/24. Let g = h - -35. Suppose 0 = -5*q + 4*i - 0*i + 453, -5*q - g*i = -474. What is the tens digit of q?
9
Let l(r) = 2*r**3 + r**2 - 4*r + 15. Let i be l(8). Let f = 1518 - i. What is the tens digit of f?
4
Let j = -45 + 40. Let v = j + 21. Suppose 2*y + 4*l = 18, l - v = -2*y - 4*l. What is the tens digit of y?
1
Let y be (-13 - -11)/(2/(-32)). Let c = 37 - y. Suppose 0 = -c*p + 2*z + 420 - 54, -5*z = 2*p - 129. What is the units digit of p?
2
Suppose 21 = 4*d + 9. Suppose -h + 2*z + 289 = 0, -d*z - 2*z + 911 = 3*h. Let b = h - 177. What is the hundreds digit of b?
1
Suppose -91*l - 74 = -89*l. Let h = l - -661. What is the units digit of h?
4
Let s(y) = y**3 - 7*y - 2. Let w be s(3). Suppose -3*v + 1435 = w*n, -6*n = -n + 3*v - 1796. What is the units digit of n?
1
Suppose 14*m + 301034 - 967658 = 0. What is the thousands digit of m?
7
Let b(m) = m**2 + 1. Let a(n) = 3*n**2 + 2*n - 10. Let h be (-4)/(-2) - (0 - 2/1). Let r(g) = h*b(g) + a(g). What is the tens digit of r(2)?
2
Let d be 2/((-1603)/(-534) + 16 + -19). Suppose 2*n + 3*j = d + 65, -n - 2*j + 566 = 0. What is the hundreds digit of n?
5
Let p(r) = -27*r + 346. Let i(g) = g**3 - g**2 + 6*g - 6. Let d be i(1). What is the units digit of p(d)?
6
Let c(k) = 216*k**2 + 23*k - 94. What is the tens digit of c(5)?
2
Let s be ((-4)/2 - -1)/(4/4). What is the hundreds digit of (-10428)/(-33) + s*(-1 + 2)?
3
Let z(l) = 2*l**3 + 108*l**2 - 300*l + 17. What is the tens digit of z(-35)?
6
Suppose -3*d + 6 = 0, -14*d 